56 and 2016?
224
What is the highest common factor of 267072 and 52?
52
Calculate the highest common divisor of 966720 and 4104.
456
Calculate the highest common divisor of 466586 and 2.
2
What is the highest common divisor of 833088 and 48?
48
What is the greatest common factor of 4 and 8452556?
4
Calculate the highest common divisor of 75 and 7665.
15
What is the greatest common factor of 21648 and 528?
528
What is the highest common divisor of 261 and 1761315?
87
What is the greatest common divisor of 1444 and 6308?
76
What is the highest common factor of 20474 and 58?
58
What is the highest common divisor of 1188 and 25812?
108
What is the greatest common factor of 24310 and 3410?
110
What is the greatest common divisor of 11 and 467995?
11
Calculate the highest common factor of 177723 and 81.
9
What is the highest common divisor of 111607 and 2563?
233
What is the greatest common divisor of 147 and 327075?
147
Calculate the greatest common factor of 13599 and 27.
9
Calculate the greatest common divisor of 548 and 3074417.
137
What is the greatest common factor of 370 and 490?
10
Calculate the greatest common factor of 642228 and 3597.
327
What is the highest common factor of 3369 and 81?
3
What is the greatest common divisor of 470448 and 9072?
1296
Calculate the highest common factor of 3852 and 2461.
107
Calculate the greatest common divisor of 515817 and 666.
333
What is the greatest common factor of 2260 and 7440?
20
What is the highest common factor of 10041444 and 252?
252
Calculate the greatest common divisor of 723 and 29157.
3
Calculate the highest common factor of 39866 and 124.
62
Calculate the greatest common factor of 17 and 20179.
17
What is the highest common factor of 99492 and 3?
3
Calculate the greatest common factor of 16541 and 91.
7
What is the greatest common divisor of 3900 and 15925?
325
What is the highest common factor of 34510 and 62090?
70
What is the greatest common divisor of 12 and 227742?
6
Calculate the greatest common factor of 53759 and 2.
1
What is the highest common divisor of 19668 and 269988?
1788
Calculate the greatest common factor of 291420 and 9.
9
What is the greatest common divisor of 162 and 2403?
27
What is the greatest common divisor of 1428632 and 4?
4
Calculate the highest common factor of 260 and 15977.
13
Calculate the highest common divisor of 790006 and 292.
146
Calculate the greatest common factor of 132348 and 12.
12
What is the greatest common factor of 34998 and 76?
38
Calculate the highest common factor of 5676 and 1437447.
1419
Calculate the greatest common divisor of 578 and 212126.
578
What is the highest common divisor of 267 and 30171?
267
What is the highest common divisor of 210 and 12570?
30
Calculate the highest common divisor of 3319 and 1.
1
Calculate the greatest common factor of 288 and 228864.
96
Calculate the greatest common divisor of 6052 and 4573.
17
Calculate the greatest common divisor of 2800 and 252.
28
Calculate the highest common divisor of 1 and 19699.
1
Calculate the greatest common divisor of 50 and 2090050.
50
What is the greatest common factor of 127255 and 155?
155
Calculate the highest common factor of 2826 and 40977.
1413
What is the highest common factor of 30545 and 410?
205
Calculate the greatest common divisor of 851 and 2.
1
What is the greatest common divisor of 1938 and 44897?
323
What is the highest common factor of 1072101 and 87?
87
Calculate the greatest common factor of 56 and 1838.
2
Calculate the highest common divisor of 96 and 362928.
48
What is the greatest common factor of 87 and 17550?
3
What is the greatest common divisor of 122 and 840946?
122
What is the highest common divisor of 56 and 82481?
7
Calculate the greatest common divisor of 221 and 49946.
221
What is the greatest common factor of 2562 and 114?
6
Calculate the highest common factor of 10 and 1766.
2
What is the greatest common factor of 876 and 492?
12
Calculate the greatest common divisor of 31758 and 7426.
158
Calculate the greatest common factor of 90 and 3645.
45
Calculate the highest common divisor of 1736 and 164486.
434
Calculate the greatest common factor of 153257 and 52.
13
What is the greatest common factor of 9607 and 13?
13
What is the highest common factor of 86 and 8987?
43
What is the highest common divisor of 29678 and 266?
38
Calculate the greatest common factor of 144 and 882012.
12
What is the highest common divisor of 250 and 2810?
10
What is the greatest common divisor of 4381250 and 2500?
1250
What is the greatest common divisor of 29 and 247254?
29
What is the greatest common divisor of 641564 and 308?
308
Calculate the greatest common factor of 78 and 7536.
6
Calculate the greatest common factor of 312 and 45324.
12
What is the greatest common factor of 1250 and 1010?
10
What is the highest common factor of 28 and 32074?
14
Calculate the greatest common divisor of 31 and 960876.
31
Calculate the highest common divisor of 1033477 and 916.
229
Calculate the greatest common factor of 30057 and 903.
129
Calculate the highest common divisor of 935 and 53735.
55
Calculate the greatest common factor of 115 and 1068833.
23
Calculate the greatest common divisor of 774 and 1701424.
86
Calculate the highest common divisor of 97200 and 990.
90
Calculate the greatest common factor of 2755 and 907497.
551
Calculate the greatest common divisor of 59348 and 3404.
148
What is the highest common divisor of 2723358 and 66?
66
What is the highest common divisor of 7169 and 8560?
107
What is the greatest common divisor of 60 and 8448?
12
What is the highest common factor of 60 and 487020?
60
What is the highest common factor of 12 and 289824?
12
Calculate the greatest common divisor of 5148 and 4213.
11
What is the highest common divisor of 57316 and 59096?
356
What is the greatest common factor of 20 and 4175?
5
Calculate the highest common divisor of 5398 and 92.
2
Calculate the greatest common divisor of 792 and 20268.
36
What is the greatest common divisor of 148 and 28268?
148
What is the greatest common divisor of 16 and 214954?
2
What is the greatest common divisor of 7521 and 28449?
327
What is the greatest common divisor of 2774 and 11680?
146
What is the highest common factor of 356 and 13528?
356
Calculate the highest common factor of 220 and 26213.
11
Calculate the highest common divisor of 10206874 and 62.
62
What is the highest common divisor of 265608 and 1240?
248
What is the greatest common divisor of 4 and 20773?
1
Calculate the greatest common divisor of 190312 and 4.
4
What is the highest common factor of 14649 and 456?
57
What is the highest common factor of 7904754 and 22?
22
Calculate the greatest common factor of 612 and 85.
17
Calculate the greatest common factor of 16754 and 8.
2
What is the highest common divisor of 63344 and 640?
16
Calculate the highest common divisor of 4352 and 13328.
272
What is the highest common factor of 53873 and 17?
17
What is the highest common factor of 440 and 126060?
220
What is the greatest common divisor of 144 and 14772?
12
Calculate the highest common divisor of 11478 and 138.
6
Calculate the highest common factor of 16 and 196704.
16
What is the highest common divisor of 5700 and 36?
12
Calculate the highest common factor of 2026074 and 258.
258
Calculate the greatest common divisor of 22452 and 192.
12
Calculate the highest common factor of 243 and 125109.
9
What is the greatest common divisor of 728 and 208910?
26
What is the greatest common factor of 186 and 961713?
93
Calculate the highest common factor of 2902761 and 46.
23
What is the highest common divisor of 483735 and 813?
813
Calculate the greatest common divisor of 895 and 4.
1
What is the highest common factor of 149369 and 1628?
407
Calculate the highest common divisor of 16563 and 3.
3
Calculate the greatest common divisor of 556873 and 1869.
89
What is the highest common factor of 1782 and 106194?
66
Calculate the greatest common divisor of 1785 and 761600.
595
What is the greatest common factor of 831 and 7599495?
831
What is the highest common factor of 3792 and 564?
12
What is the highest common factor of 136 and 952?
136
What is the highest common factor of 158 and 381886?
158
What is the greatest common factor of 720 and 74540